{"id":45,"date":"2023-04-11T18:10:55","date_gmt":"2023-04-11T16:10:55","guid":{"rendered":"https:\/\/ambasciatapraga.esteri.it\/?page_id=45"},"modified":"2026-04-28T15:31:51","modified_gmt":"2026-04-28T13:31:51","slug":"diplomazia-scientifica","status":"publish","type":"page","link":"https:\/\/amblubiana.esteri.it\/it\/italia-e-slovenia\/diplomazia-scientifica\/","title":{"rendered":"Diplomazia scientifica"},"content":{"rendered":"<p><strong>Cooperazione scientifica<\/strong><\/p>\n<p>L\u2019Italia e la Slovenia hanno ottimi rapporti di cooperazione nel campo scientifico. Grandi istituti di ricerca sloveni, come lo Jo\u017eef Stefan Institute \u2013 principale centro scientifico del Paese \u2013 e il Kemijski In\u0161titut &#8211; l\u2019Istituto Nazionale di Chimica sloveno, hanno diversi accordi di collaborazione con numerose universit\u00e0, imprese e istituti italiani e sono sempre numerosi i ricercatori italiani che visitano istituzioni slovene e vice versa. Tale quadro di cooperazione \u00e8 stato ulteriormente arricchito dalla firma di un Memorandum of Understanding tra il Consiglio Nazionale delle Ricerche e l&#8217;Universit\u00e0 di Lubiana.<\/p>\n<p>Tra le iniziative pi\u00f9 recenti, a dicembre 2022 si \u00e8 aggiunto un importante tassello alla gi\u00e0 stretta collaborazione tra Italia e Slovenia con la firma dell\u2019Accordo bilaterale di cooperazione scientifica e tecnologica tra il CNR e l\u2019Istituto Jo\u017eef Stefan di Lubiana. Tale accordo ha dato vita a un Programma di Cooperazione tra i due enti, che porter\u00e0 nell\u2019arco di un biennio alla selezione di specifici progetti congiunti di ricerca nei settori: scienza quantistica, robotica, materiali nanostrutturati, fusione e fissione nucleare.<\/p>\n<p>A gennaio 2023, si \u00e8 tenuto a Maribor il Simposio scientifico \u201cItaly &amp; Slovenia: Cooperation in Space\u201d, organizzato nell\u2019ambito della promozione integrata dall\u2019Agenzia ICE, con il concorso e sotto il coordinamento di questa Ambasciata e in collaborazione con l\u2019Agenzia Spaziale Italiana, che ha fatto anche da capofila ad una missione in Slovenia di importanti aziende del settore guidate dal Presidente dell\u2019ASI Giorgio Saccoccia. Particolare interesse rivestono per entrambi i Paesi le tecnologie satellitari per l&#8217;osservazione della Terra, le telecomunicazioni e il monitoraggio dell\u2019utilizzo sostenibile delle risorse naturali. Si \u00e8 trattato del primo seguito concreto all\u2019Accordo firmato a giugno 2021 tra il Ministero sloveno dello Sviluppo Economico e della Tecnologia e l\u2019Agenzia Spaziale Italiana: tale Accordo ha portato alla costituzione di un Comitato Direttivo Congiunto a livello istituzionale, cui partecipano anche diverse importanti aziende del settore di entrambi i Paesi.<\/p>\n<p>A marzo 2023 la \u201cValle dell\u2019Idrogeno del Nord Adriatico\u201d, che coinvolge la Regione Friuli Venezia Giulia, la Slovenia e la Croazia, \u00e8 stato il primo progetto transfrontaliero dell\u2019Unione Europea a candidarsi per un importante finanziamento nell\u2019ambito dei fondi di Horizon Europe. Scopo del progetto \u00e8 accelerare la diffusione delle tecnologie dell&#8217;idrogeno e la sua produzione da fonti rinnovabili, a favore delle industrie ad alta intensit\u00e0 di energia e dei trasporti. Si tratta di un\u2019iniziativa ambiziosa che permetter\u00e0 all\u2019ecosistema del Nord Adriatico di diventare un importante hub dell\u2019energia a livello transnazionale.<\/p>\n<p>Il 12 e 13 marzo 2026, nell\u2019ambito delle attivit\u00e0 di ulteriore approfondimento della cooperazione scientifica tra Italia e Slovenia, si \u00e8 tenuta la visita a Lubiana di una delegazione del Consiglio Nazionale delle Ricerche. La visita si \u00e8 svolta con appuntamenti sia all\u2019Universit\u00e0 di Lubiana sia allo Jo\u017eef Stefan Institute (JSI). CNR e Universit\u00e0 di Lubiana hanno in tale occasione siglato un importante Memorandum of Understanding, che pone le basi per l\u2019attuazione di programmi di ricerca comuni, scambio di esperti e di ricercatori e altre forme di cooperazione scientifica e professionale, con l\u2019obiettivo di collegare gruppi di ricerca, trasferire conoscenze e sviluppare nuovi progetti che contribuiscano al progresso della scienza e dell&#8217;innovazione nello spazio europeo della ricerca. L&#8217;appuntamento con lo Jo\u017eef Stefan Institute (JSI) ha rappresentato una utile occasione per mettere in luce i numerosi settori interessati dalla collaborazione instaurata a seguito dell&#8217;Accordo bilaterale del 2022, dalla sicurezza sismica transfrontaliera alla salute pubblica, fino all&#8217;energia sostenibile, alla fisica quantistica e alle nanotecnologie.<\/p>\n","protected":false},"excerpt":{"rendered":"Cooperazione scientifica L\u2019Italia e la Slovenia hanno ottimi rapporti di cooperazione nel campo scientifico. Grandi istituti di ricerca sloveni, come lo Jo\u017eef Stefan Institute \u2013 principale centro scientifico del Paese \u2013 e il Kemijski In\u0161titut &#8211; l\u2019Istituto Nazionale di Chimica sloveno, hanno diversi accordi di collaborazione con numerose universit\u00e0, imprese e istituti italiani e sono [&hellip;]","protected":false},"author":1,"featured_media":0,"parent":14,"menu_order":4,"comment_status":"closed","ping_status":"closed","template":"","meta":{"footnotes":""},"class_list":["post-45","page","type-page","status-publish","hentry"],"_links":{"self":[{"href":"https:\/\/amblubiana.esteri.it\/it\/wp-json\/wp\/v2\/pages\/45","targetHints":{"allow":["GET"]}}],"collection":[{"href":"https:\/\/amblubiana.esteri.it\/it\/wp-json\/wp\/v2\/pages"}],"about":[{"href":"https:\/\/amblubiana.esteri.it\/it\/wp-json\/wp\/v2\/types\/page"}],"author":[{"embeddable":true,"href":"https:\/\/amblubiana.esteri.it\/it\/wp-json\/wp\/v2\/users\/1"}],"replies":[{"embeddable":true,"href":"https:\/\/amblubiana.esteri.it\/it\/wp-json\/wp\/v2\/comments?post=45"}],"version-history":[{"count":4,"href":"https:\/\/amblubiana.esteri.it\/it\/wp-json\/wp\/v2\/pages\/45\/revisions"}],"predecessor-version":[{"id":6407,"href":"https:\/\/amblubiana.esteri.it\/it\/wp-json\/wp\/v2\/pages\/45\/revisions\/6407"}],"up":[{"embeddable":true,"href":"https:\/\/amblubiana.esteri.it\/it\/wp-json\/wp\/v2\/pages\/14"}],"wp:attachment":[{"href":"https:\/\/amblubiana.esteri.it\/it\/wp-json\/wp\/v2\/media?parent=45"}],"curies":[{"name":"wp","href":"https:\/\/api.w.org\/{rel}","templated":true}]}}

<p><strong>Cooperazione scientifica</strong></p>
<p>L’Italia e la Slovenia hanno ottimi rapporti di cooperazione nel campo scientifico. Grandi istituti di ricerca sloveni, come lo Jožef Stefan Institute – principale centro scientifico del Paese – e il Kemijski Inštitut &#8211; l’Istituto Nazionale di Chimica sloveno, hanno diversi accordi di collaborazione con numerose università, imprese e istituti italiani e sono sempre numerosi i ricercatori italiani che visitano istituzioni slovene e vice versa. Tale quadro di cooperazione è stato ulteriormente arricchito dalla firma di un Memorandum of Understanding tra il Consiglio Nazionale delle Ricerche e l&#8217;Università di Lubiana.</p>
<p>Tra le iniziative più recenti, a dicembre 2022 si è aggiunto un importante tassello alla già stretta collaborazione tra Italia e Slovenia con la firma dell’Accordo bilaterale di cooperazione scientifica e tecnologica tra il CNR e l’Istituto Jožef Stefan di Lubiana. Tale accordo ha dato vita a un Programma di Cooperazione tra i due enti, che porterà nell’arco di un biennio alla selezione di specifici progetti congiunti di ricerca nei settori: scienza quantistica, robotica, materiali nanostrutturati, fusione e fissione nucleare.</p>
<p>A gennaio 2023, si è tenuto a Maribor il Simposio scientifico “Italy &amp; Slovenia: Cooperation in Space”, organizzato nell’ambito della promozione integrata dall’Agenzia ICE, con il concorso e sotto il coordinamento di questa Ambasciata e in collaborazione con l’Agenzia Spaziale Italiana, che ha fatto anche da capofila ad una missione in Slovenia di importanti aziende del settore guidate dal Presidente dell’ASI Giorgio Saccoccia. Particolare interesse rivestono per entrambi i Paesi le tecnologie satellitari per l&#8217;osservazione della Terra, le telecomunicazioni e il monitoraggio dell’utilizzo sostenibile delle risorse naturali. Si è trattato del primo seguito concreto all’Accordo firmato a giugno 2021 tra il Ministero sloveno dello Sviluppo Economico e della Tecnologia e l’Agenzia Spaziale Italiana: tale Accordo ha portato alla costituzione di un Comitato Direttivo Congiunto a livello istituzionale, cui partecipano anche diverse importanti aziende del settore di entrambi i Paesi.</p>
<p>A marzo 2023 la “Valle dell’Idrogeno del Nord Adriatico”, che coinvolge la Regione Friuli Venezia Giulia, la Slovenia e la Croazia, è stato il primo progetto transfrontaliero dell’Unione Europea a candidarsi per un importante finanziamento nell’ambito dei fondi di Horizon Europe. Scopo del progetto è accelerare la diffusione delle tecnologie dell&#8217;idrogeno e la sua produzione da fonti rinnovabili, a favore delle industrie ad alta intensità di energia e dei trasporti. Si tratta di un’iniziativa ambiziosa che permetterà all’ecosistema del Nord Adriatico di diventare un importante hub dell’energia a livello transnazionale.</p>
<p>Il 12 e 13 marzo 2026, nell’ambito delle attività di ulteriore approfondimento della cooperazione scientifica tra Italia e Slovenia, si è tenuta la visita a Lubiana di una delegazione del Consiglio Nazionale delle Ricerche. La visita si è svolta con appuntamenti sia all’Università di Lubiana sia allo Jožef Stefan Institute (JSI). CNR e Università di Lubiana hanno in tale occasione siglato un importante Memorandum of Understanding, che pone le basi per l’attuazione di programmi di ricerca comuni, scambio di esperti e di ricercatori e altre forme di cooperazione scientifica e professionale, con l’obiettivo di collegare gruppi di ricerca, trasferire conoscenze e sviluppare nuovi progetti che contribuiscano al progresso della scienza e dell&#8217;innovazione nello spazio europeo della ricerca. L&#8217;appuntamento con lo Jožef Stefan Institute (JSI) ha rappresentato una utile occasione per mettere in luce i numerosi settori interessati dalla collaborazione instaurata a seguito dell&#8217;Accordo bilaterale del 2022, dalla sicurezza sismica transfrontaliera alla salute pubblica, fino all&#8217;energia sostenibile, alla fisica quantistica e alle nanotecnologie.</p>

Cooperazione scientifica L’Italia e la Slovenia hanno ottimi rapporti di cooperazione nel campo scientifico. Grandi istituti di ricerca sloveni, come lo Jožef Stefan Institute – principale centro scientifico del Paese – e il Kemijski Inštitut &#8211; l’Istituto Nazionale di Chimica sloveno, hanno diversi accordi di collaborazione con numerose università, imprese e istituti italiani e sono [&hellip;]
