{"id":95,"date":"2023-04-11T18:23:52","date_gmt":"2023-04-11T16:23:52","guid":{"rendered":"https:\/\/ambasciatapraga.esteri.it\/?page_id=95"},"modified":"2025-03-17T11:11:40","modified_gmt":"2025-03-17T10:11:40","slug":"fare-affari-in-slovenia","status":"publish","type":"page","link":"https:\/\/amblubiana.esteri.it\/it\/italia-e-slovenia\/diplomazia-economica\/fare-affari-in-slovenia\/","title":{"rendered":"Fare affari in Slovenia"},"content":{"rendered":"<p><strong><u>Opportunit\u00e0 per le imprese italiane:<\/u><\/strong><\/p>\n<p>L\u2019Italia e la Slovenia vantano forti legami storici, politici, economici, culturali e commerciali e contano su una cooperazione diversificata in molti settori tra le istituzioni, i sistemi produttivi e le organizzazioni accademiche. La cooperazione scientifica costituisce un tassello fondamentale dei rapporti tra i due paesi, sviluppatasi nel corso degli ultimi anni per mezzo di una serie di progetti nei settori della scienza e tecnologia (accordo Istituto Jozef Stefan-Consiglio Nazionale delle Ricerche per l&#8217;avvio di progetti su quantistica e robotica), dello spazio (accordo tra Ministero sloveno dell\u2019economia e Agenzia Spaziale Italiana), delle fonti alternative di energia (progetto North Adriatic Hydrogen Valley su sviluppo del mercato dell\u2019idrogeno), dello sviluppo sostenibile del mare (Cooperazione trilaterale nell\u2019Adriatico settentrionale sulla blue economy).<\/p>\n<p>&#8211; Una prima opportunit\u00e0 \u00e8 senz\u2019altro rappresentata dalla nomina congiunta delle citt\u00e0 confinanti di <strong>Gorizia e Nova Gorica a Capitale Europea della Cultura 2025<\/strong>. Gli enti ed istituzioni pubbliche di entrambi i Paesi incaricati dell\u2019attuazione dei vari progetti e gli operatori economici privati stanno lavorando sulle prospettive di sviluppo di un territorio frontaliero gi\u00e0 fortemente integrato, ma dalle potenzialit\u00e0 ancora non del tutto espresse in termini di infrastrutture, riqualificazione urbana, logistica e turismo. I finanziamenti provengono sia da fondi statali di entrambi i Paesi che dai progetti europei Interreg Italia-Slovenia. Il calendario degli eventi della manifestazione GO2025! \u00e8 stato avviato l\u20198 febbraio 2025.<\/p>\n<p>&#8211; Nel mese di giugno 2021 il Ministro sloveno dello Sviluppo Economico e Tecnologia (oggi Ministro dell\u2019Economia, il Turismo e lo Sport) e il Presidente dell\u2019Agenzia Spaziale Italiana avevano siglato una Lettera di Intenti per il <strong>settore spazio<\/strong>, con l\u2019obiettivo di facilitare lo scambio di informazioni e la promozione di attivit\u00e0 e iniziative congiunte (tecnologie del settore, osservazione della terra, sviluppo di piccoli satelliti, esplorazione dello spazio e formazione). A questo proposito l\u2019Ufficio ICE di Lubiana, in sinergia con l\u2019Ambasciata d\u2019Italia in Slovenia, ha gi\u00e0 realizzato un primo evento per questo settore a gennaio 2023 presso la Facolt\u00e0 di Ingegneria dell\u2019Universit\u00e0 di Maribor (seconda citt\u00e0 della Slovenia) attraverso un simposio scientifico in collaborazione con l\u2019Agenzia Spaziale Italiana e collegato alla Giornata Nazionale dello Spazio, cui hanno preso parte eminenti relatori di entrambi i Paesi. Dal mese di gennaio 2025 la Slovenia \u00e8 membro a pieno titolo dell\u2019ESA, l\u2019Agenzia Spaziale Europea.<\/p>\n<p>&#8211; Significative anche le possibilit\u00e0 di collaborazione per le imprese italiane a seguito della firma congiunta nel 2021, da parte dei Ministri degli Esteri italiano, sloveno e croato, di una dichiarazione <strong>Trilaterale per la collaborazione nel Nord Adriatico<\/strong> che vede in primo piano sicurezza, blue economy, connettivit\u00e0, protezione ambientale ed energia. L\u2019Ufficio ICE di Lubiana ha organizzato il 4 dicembre 2024 un convegno sulla blue economy, sul tema dell\u2019adeguamento infrastrutturale in risposta alle emergenze idrogeologiche. La protezione ambientale \u00e8 al centro delle attenzioni nel biennio 2024-25, periodo in cui la Slovenia ha assunto la Presidenza della Convenzione di Barcellona (COP23) nell\u2019ambito del Piano d&#8217;Azione delle Nazioni Unite per il Mediterraneo (MAP). L\u2019aspetto logistico \u00e8 anche al centro della cooperazione nell\u2019ambito del progetto <strong>NAPA &#8211; North Adriatic Port Association<\/strong> che riunisce i cinque porti di Ravenna, Trieste, Venezia, (Italia) Capodistria (Slovenia) e Fiume (Croazia).<\/p>\n<p>&#8211; Il progetto <strong>North Adriatic Hydrogen Valley<\/strong> ha ricevuto una sovvenzione di 25 milioni di euro dal programma Horizon Europe. Coinvolge la Regione Friuli-Venezia Giulia, la Slovenia e la Croazia e ha preso il via alla fine del 2023. Si tratta del primo progetto transnazionale in Europa dedicato alla creazione di una valle dell&#8217;idrogeno con lo sviluppo di soluzioni e tecnologie volte a consentire l\u2019impiego su larga scala dell\u2019idrogeno come fonte energetica che possa contribuire ad un\u2019economia pulita e sostenibile. Il progetto, che vede il coinvolgimento di aziende e istituzioni italiane (tra cui Regione FVG, Area Science Park Trieste, Universit\u00e0 Trieste, SNAM, Danieli, Faber) e slovene, fornir\u00e0 opportunit\u00e0 di collaborazione nell\u2019arco dei sei anni previsti per la sua realizzazione.<\/p>\n<p>&#8211; La Slovenia \u00e8 saldamente presente nella mappa dei principali poli europei dell\u2019<strong>innovazione<\/strong> e nel Paese il settore gode di agevolazioni, finanziamenti e specifici programmi governativi.\u00a0Il Ministero dell&#8217;Economia, del Turismo e dello Sport ha fissato obiettivi ambiziosi fino al 2030, volti a migliorare le condizioni in cui operano le startup in Slovenia: aumento del numero di startup per numero di abitanti, investimenti, sviluppo di alti livelli di performance e costituzione di un sistema efficace di misurazione, per realizzare una crescita del settore di almeno il 25% su base annua.\u00a0Per la prima volta nel 2024 l\u2019Ufficio ICE ha organizzato la partecipazione di varie startup italiane alla principale manifestazione di settore, la PODIM di Maribor, e simile esercizio sar\u00e0 ripetuto nel 2025.<\/p>\n<p>&nbsp;<\/p>\n<p>Per maggiori informazioni, si prega rivolgersi all\u2019<a href=\"https:\/\/www.ice.it\/it\/mercati\/slovenia\/lubiana\">Ufficio ICE di Lubiana<\/a> all\u2019indirizzo email <a href=\"mailto:lubiana.ice@esteri.it\">lubiana.ice@esteri.it<\/a><\/p>\n<p>L\u2019<strong>ICE (Agenzia per la promozione all\u2019estero e l\u2019internazionalizzazione delle imprese italiane)<\/strong> \u00e8 l\u2019ente pubblico che ha il compito di sviluppare, agevolare e promuovere i rapporti economici e commerciali italiani con l\u2019estero sotto la vigilanza del Ministero degli Affari Esteri e della Cooperazione Internazionale. La rete mondiale degli Uffici ICE, che all\u2019estero costituiscono le Sezioni per la Promozione degli Scambi delle Ambasciate d\u2019Italia, fornisce alle aziende italiane un\u2019assistenza diretta e personalizzata, grazie alla conoscenza delle specificit\u00e0 dei mercati, delle normative, delle modalit\u00e0 di approccio commerciale e delle relazioni con gli ambienti industriali pi\u00f9 qualificati.<\/p>\n<p>In particolare, l\u2019Ufficio ICE di Lubiana offre servizi di informazione e assistenza per sviluppare e consolidare i rapporti sul mercato sloveno, informazioni commerciali e riservate sui partner locali e piani di marketing personalizzati, oltre ad organizzare iniziative di promozione a favore dei principali settori de Made in Italy.<\/p>\n<p>Per richieste di assistenza alla sezione economico-commerciale dell\u2019Ambasciata\u00a0<a href=\"https:\/\/nexus.esteri.it\/\">clicca qui<\/a><\/p>\n<p>Per ulteriori informazioni sulla economia slovena guardare l\u2019apposita pagina web di\u00a0<a href=\"http:\/\/www.infomercatiesteri.it\/paese.php?id_paesi=91#slider-2\">Info Mercati Esteri<\/a><\/p>\n<p>&nbsp;<\/p>\n<p><span style=\"text-decoration: underline;\"><strong>ICE-Agenzia per la promozione all&#8217;estero e l&#8217;internazionalizzazione delle imprese italiane<\/strong><\/span><\/p>\n<p><img loading=\"lazy\" decoding=\"async\" class=\"img-fluid alignnone wp-image-411 size-medium\" src=\"https:\/\/amblubiana.esteri.it\/wp-content\/uploads\/2023\/11\/ice-300x173.jpg\" alt=\"\" width=\"300\" height=\"173\" srcset=\"https:\/\/amblubiana.esteri.it\/wp-content\/uploads\/2023\/11\/ice-300x173.jpg 300w, https:\/\/amblubiana.esteri.it\/wp-content\/uploads\/2023\/11\/ice.jpg 497w\" sizes=\"auto, (max-width: 300px) 100vw, 300px\" \/><img loading=\"lazy\" decoding=\"async\" class=\"alignnone size-full wp-image-586 img-fluid\" src=\"https:\/\/amblubiana.esteri.it\/wp-content\/uploads\/2023\/11\/infomercatiesteri-1-300x62-2.jpg\" alt=\"\" width=\"300\" height=\"62\" \/><\/p>\n<p>&nbsp;<\/p>\n<p>&nbsp;<\/p>\n","protected":false},"excerpt":{"rendered":"Opportunit\u00e0 per le imprese italiane: L\u2019Italia e la Slovenia vantano forti legami storici, politici, economici, culturali e commerciali e contano su una cooperazione diversificata in molti settori tra le istituzioni, i sistemi produttivi e le organizzazioni accademiche. La cooperazione scientifica costituisce un tassello fondamentale dei rapporti tra i due paesi, sviluppatasi nel corso degli ultimi [&hellip;]","protected":false},"author":1,"featured_media":0,"parent":43,"menu_order":0,"comment_status":"closed","ping_status":"closed","template":"","meta":{"footnotes":""},"class_list":["post-95","page","type-page","status-publish","hentry"],"_links":{"self":[{"href":"https:\/\/amblubiana.esteri.it\/it\/wp-json\/wp\/v2\/pages\/95","targetHints":{"allow":["GET"]}}],"collection":[{"href":"https:\/\/amblubiana.esteri.it\/it\/wp-json\/wp\/v2\/pages"}],"about":[{"href":"https:\/\/amblubiana.esteri.it\/it\/wp-json\/wp\/v2\/types\/page"}],"author":[{"embeddable":true,"href":"https:\/\/amblubiana.esteri.it\/it\/wp-json\/wp\/v2\/users\/1"}],"replies":[{"embeddable":true,"href":"https:\/\/amblubiana.esteri.it\/it\/wp-json\/wp\/v2\/comments?post=95"}],"version-history":[{"count":6,"href":"https:\/\/amblubiana.esteri.it\/it\/wp-json\/wp\/v2\/pages\/95\/revisions"}],"predecessor-version":[{"id":5211,"href":"https:\/\/amblubiana.esteri.it\/it\/wp-json\/wp\/v2\/pages\/95\/revisions\/5211"}],"up":[{"embeddable":true,"href":"https:\/\/amblubiana.esteri.it\/it\/wp-json\/wp\/v2\/pages\/43"}],"wp:attachment":[{"href":"https:\/\/amblubiana.esteri.it\/it\/wp-json\/wp\/v2\/media?parent=95"}],"curies":[{"name":"wp","href":"https:\/\/api.w.org\/{rel}","templated":true}]}}

<p><strong><u>Opportunità per le imprese italiane:</u></strong></p>
<p>L’Italia e la Slovenia vantano forti legami storici, politici, economici, culturali e commerciali e contano su una cooperazione diversificata in molti settori tra le istituzioni, i sistemi produttivi e le organizzazioni accademiche. La cooperazione scientifica costituisce un tassello fondamentale dei rapporti tra i due paesi, sviluppatasi nel corso degli ultimi anni per mezzo di una serie di progetti nei settori della scienza e tecnologia (accordo Istituto Jozef Stefan-Consiglio Nazionale delle Ricerche per l&#8217;avvio di progetti su quantistica e robotica), dello spazio (accordo tra Ministero sloveno dell’economia e Agenzia Spaziale Italiana), delle fonti alternative di energia (progetto North Adriatic Hydrogen Valley su sviluppo del mercato dell’idrogeno), dello sviluppo sostenibile del mare (Cooperazione trilaterale nell’Adriatico settentrionale sulla blue economy).</p>
<p>&#8211; Una prima opportunità è senz’altro rappresentata dalla nomina congiunta delle città confinanti di <strong>Gorizia e Nova Gorica a Capitale Europea della Cultura 2025</strong>. Gli enti ed istituzioni pubbliche di entrambi i Paesi incaricati dell’attuazione dei vari progetti e gli operatori economici privati stanno lavorando sulle prospettive di sviluppo di un territorio frontaliero già fortemente integrato, ma dalle potenzialità ancora non del tutto espresse in termini di infrastrutture, riqualificazione urbana, logistica e turismo. I finanziamenti provengono sia da fondi statali di entrambi i Paesi che dai progetti europei Interreg Italia-Slovenia. Il calendario degli eventi della manifestazione GO2025! è stato avviato l’8 febbraio 2025.</p>
<p>&#8211; Nel mese di giugno 2021 il Ministro sloveno dello Sviluppo Economico e Tecnologia (oggi Ministro dell’Economia, il Turismo e lo Sport) e il Presidente dell’Agenzia Spaziale Italiana avevano siglato una Lettera di Intenti per il <strong>settore spazio</strong>, con l’obiettivo di facilitare lo scambio di informazioni e la promozione di attività e iniziative congiunte (tecnologie del settore, osservazione della terra, sviluppo di piccoli satelliti, esplorazione dello spazio e formazione). A questo proposito l’Ufficio ICE di Lubiana, in sinergia con l’Ambasciata d’Italia in Slovenia, ha già realizzato un primo evento per questo settore a gennaio 2023 presso la Facoltà di Ingegneria dell’Università di Maribor (seconda città della Slovenia) attraverso un simposio scientifico in collaborazione con l’Agenzia Spaziale Italiana e collegato alla Giornata Nazionale dello Spazio, cui hanno preso parte eminenti relatori di entrambi i Paesi. Dal mese di gennaio 2025 la Slovenia è membro a pieno titolo dell’ESA, l’Agenzia Spaziale Europea.</p>
<p>&#8211; Significative anche le possibilità di collaborazione per le imprese italiane a seguito della firma congiunta nel 2021, da parte dei Ministri degli Esteri italiano, sloveno e croato, di una dichiarazione <strong>Trilaterale per la collaborazione nel Nord Adriatico</strong> che vede in primo piano sicurezza, blue economy, connettività, protezione ambientale ed energia. L’Ufficio ICE di Lubiana ha organizzato il 4 dicembre 2024 un convegno sulla blue economy, sul tema dell’adeguamento infrastrutturale in risposta alle emergenze idrogeologiche. La protezione ambientale è al centro delle attenzioni nel biennio 2024-25, periodo in cui la Slovenia ha assunto la Presidenza della Convenzione di Barcellona (COP23) nell’ambito del Piano d&#8217;Azione delle Nazioni Unite per il Mediterraneo (MAP). L’aspetto logistico è anche al centro della cooperazione nell’ambito del progetto <strong>NAPA &#8211; North Adriatic Port Association</strong> che riunisce i cinque porti di Ravenna, Trieste, Venezia, (Italia) Capodistria (Slovenia) e Fiume (Croazia).</p>
<p>&#8211; Il progetto <strong>North Adriatic Hydrogen Valley</strong> ha ricevuto una sovvenzione di 25 milioni di euro dal programma Horizon Europe. Coinvolge la Regione Friuli-Venezia Giulia, la Slovenia e la Croazia e ha preso il via alla fine del 2023. Si tratta del primo progetto transnazionale in Europa dedicato alla creazione di una valle dell&#8217;idrogeno con lo sviluppo di soluzioni e tecnologie volte a consentire l’impiego su larga scala dell’idrogeno come fonte energetica che possa contribuire ad un’economia pulita e sostenibile. Il progetto, che vede il coinvolgimento di aziende e istituzioni italiane (tra cui Regione FVG, Area Science Park Trieste, Università Trieste, SNAM, Danieli, Faber) e slovene, fornirà opportunità di collaborazione nell’arco dei sei anni previsti per la sua realizzazione.</p>
<p>&#8211; La Slovenia è saldamente presente nella mappa dei principali poli europei dell’<strong>innovazione</strong> e nel Paese il settore gode di agevolazioni, finanziamenti e specifici programmi governativi. Il Ministero dell&#8217;Economia, del Turismo e dello Sport ha fissato obiettivi ambiziosi fino al 2030, volti a migliorare le condizioni in cui operano le startup in Slovenia: aumento del numero di startup per numero di abitanti, investimenti, sviluppo di alti livelli di performance e costituzione di un sistema efficace di misurazione, per realizzare una crescita del settore di almeno il 25% su base annua. Per la prima volta nel 2024 l’Ufficio ICE ha organizzato la partecipazione di varie startup italiane alla principale manifestazione di settore, la PODIM di Maribor, e simile esercizio sarà ripetuto nel 2025.</p>
<p>&nbsp;</p>
<p>Per maggiori informazioni, si prega rivolgersi all’<a href="https://www.ice.it/it/mercati/slovenia/lubiana">Ufficio ICE di Lubiana</a> all’indirizzo email <a href="mailto:lubiana.ice@esteri.it">lubiana.ice@esteri.it</a></p>
<p>L’<strong>ICE (Agenzia per la promozione all’estero e l’internazionalizzazione delle imprese italiane)</strong> è l’ente pubblico che ha il compito di sviluppare, agevolare e promuovere i rapporti economici e commerciali italiani con l’estero sotto la vigilanza del Ministero degli Affari Esteri e della Cooperazione Internazionale. La rete mondiale degli Uffici ICE, che all’estero costituiscono le Sezioni per la Promozione degli Scambi delle Ambasciate d’Italia, fornisce alle aziende italiane un’assistenza diretta e personalizzata, grazie alla conoscenza delle specificità dei mercati, delle normative, delle modalità di approccio commerciale e delle relazioni con gli ambienti industriali più qualificati.</p>
<p>In particolare, l’Ufficio ICE di Lubiana offre servizi di informazione e assistenza per sviluppare e consolidare i rapporti sul mercato sloveno, informazioni commerciali e riservate sui partner locali e piani di marketing personalizzati, oltre ad organizzare iniziative di promozione a favore dei principali settori de Made in Italy.</p>
<p>Per richieste di assistenza alla sezione economico-commerciale dell’Ambasciata <a href="https://nexus.esteri.it/">clicca qui</a></p>
<p>Per ulteriori informazioni sulla economia slovena guardare l’apposita pagina web di <a href="http://www.infomercatiesteri.it/paese.php?id_paesi=91#slider-2">Info Mercati Esteri</a></p>
<p>&nbsp;</p>
<p><span style="text-decoration: underline;"><strong>ICE-Agenzia per la promozione all&#8217;estero e l&#8217;internazionalizzazione delle imprese italiane</strong></span></p>
<p><img loading="lazy" decoding="async" class="img-fluid alignnone wp-image-411 size-medium" src="https://amblubiana.esteri.it/wp-content/uploads/2023/11/ice-300x173.jpg" alt="" width="300" height="173" srcset="https://amblubiana.esteri.it/wp-content/uploads/2023/11/ice-300x173.jpg 300w, https://amblubiana.esteri.it/wp-content/uploads/2023/11/ice.jpg 497w" sizes="auto, (max-width: 300px) 100vw, 300px" /><img loading="lazy" decoding="async" class="alignnone size-full wp-image-586 img-fluid" src="https://amblubiana.esteri.it/wp-content/uploads/2023/11/infomercatiesteri-1-300x62-2.jpg" alt="" width="300" height="62" /></p>
<p>&nbsp;</p>
<p>&nbsp;</p>

Opportunità per le imprese italiane: L’Italia e la Slovenia vantano forti legami storici, politici, economici, culturali e commerciali e contano su una cooperazione diversificata in molti settori tra le istituzioni, i sistemi produttivi e le organizzazioni accademiche. La cooperazione scientifica costituisce un tassello fondamentale dei rapporti tra i due paesi, sviluppatasi nel corso degli ultimi [&hellip;]
